{"id":258,"date":"2018-01-22T10:17:40","date_gmt":"2018-01-22T14:17:40","guid":{"rendered":"http:\/\/ayuntamiento.o\/transparencia\/?page_id=258"},"modified":"2025-05-09T09:26:48","modified_gmt":"2025-05-09T13:26:48","slug":"responsable-de-acceso-a-la-informacion","status":"publish","type":"page","link":"https:\/\/juntadistritalelpinar.gob.do\/transparencia\/responsable-de-acceso-a-la-informacion\/","title":{"rendered":"Responsable de Acceso a la Informaci\u00f3n"},"content":{"rendered":"\n\n\n<figure class=\"wp-block-image size-large\"><img loading=\"lazy\" width=\"700\" height=\"933\" src=\"http:\/\/juntadistritalelpinar.gob.do\/transparencia\/wp-content\/uploads\/2025\/05\/encargada-700x933.jpg\" alt=\"\" class=\"wp-image-1165\" srcset=\"https:\/\/juntadistritalelpinar.gob.do\/transparencia\/wp-content\/uploads\/2025\/05\/encargada-700x933.jpg 700w, https:\/\/juntadistritalelpinar.gob.do\/transparencia\/wp-content\/uploads\/2025\/05\/encargada-250x333.jpg 250w, https:\/\/juntadistritalelpinar.gob.do\/transparencia\/wp-content\/uploads\/2025\/05\/encargada-768x1024.jpg 768w, https:\/\/juntadistritalelpinar.gob.do\/transparencia\/wp-content\/uploads\/2025\/05\/encargada-1152x1536.jpg 1152w, https:\/\/juntadistritalelpinar.gob.do\/transparencia\/wp-content\/uploads\/2025\/05\/encargada-120x160.jpg 120w, https:\/\/juntadistritalelpinar.gob.do\/transparencia\/wp-content\/uploads\/2025\/05\/encargada.jpg 1200w\" sizes=\"(max-width: 700px) 100vw, 700px\" \/><\/figure>\n\n\n\n<p>\u00a0<\/p>\n<p>Sra. Yoenmy Marileydi Rossis Tejeda<\/p>\n<p>Libre Acceso a la Informaci\u00f3n P\u00fablica.<\/p>\n<p>Flota Directa .: 829-819-3481<\/p>\n<p>Correo Electr\u00f3nico: juntadistritalelpinar@gmail.com (Atencion OAIM)<\/p>\n<p>\u00a0<\/p>\n<p>\u00a0<\/p>\n\n\n\n<div class=\"wp-block-file\"><a href=\"https:\/\/juntadistritalelpinar.gob.do\/5d6f4b7d-7298-4579-b2fe-0256cafa6262\" class=\"wp-block-file__button\" download>Descarga<\/a><\/div>\n","protected":false},"excerpt":{"rendered":"\u00a0 Sra. Yoenmy Marileydi Rossis Tejeda Libre Acceso a la Informaci\u00f3n P\u00fablica. Flota Directa .: 829-819-3481 Correo Electr\u00f3nico: juntadistritalelpinar@gmail.com (Atencion OAIM) \u00a0 \u00a0","protected":false},"author":4,"featured_media":0,"parent":0,"menu_order":0,"comment_status":"closed","ping_status":"closed","template":"","meta":[],"acf":[],"_links":{"self":[{"href":"https:\/\/juntadistritalelpinar.gob.do\/transparencia\/wp-json\/wp\/v2\/pages\/258"}],"collection":[{"href":"https:\/\/juntadistritalelpinar.gob.do\/transparencia\/wp-json\/wp\/v2\/pages"}],"about":[{"href":"https:\/\/juntadistritalelpinar.gob.do\/transparencia\/wp-json\/wp\/v2\/types\/page"}],"author":[{"embeddable":true,"href":"https:\/\/juntadistritalelpinar.gob.do\/transparencia\/wp-json\/wp\/v2\/users\/4"}],"replies":[{"embeddable":true,"href":"https:\/\/juntadistritalelpinar.gob.do\/transparencia\/wp-json\/wp\/v2\/comments?post=258"}],"version-history":[{"count":11,"href":"https:\/\/juntadistritalelpinar.gob.do\/transparencia\/wp-json\/wp\/v2\/pages\/258\/revisions"}],"predecessor-version":[{"id":1167,"href":"https:\/\/juntadistritalelpinar.gob.do\/transparencia\/wp-json\/wp\/v2\/pages\/258\/revisions\/1167"}],"wp:attachment":[{"href":"https:\/\/juntadistritalelpinar.gob.do\/transparencia\/wp-json\/wp\/v2\/media?parent=258"}],"curies":[{"name":"wp","href":"https:\/\/api.w.org\/{rel}","templated":true}]}}